{"id":80,"date":"2023-03-25T17:56:09","date_gmt":"2023-03-25T16:56:09","guid":{"rendered":"https:\/\/sophro-hypno-savoie.fr\/?page_id=80"},"modified":"2026-03-26T14:49:20","modified_gmt":"2026-03-26T13:49:20","slug":"me-contacter","status":"publish","type":"page","link":"https:\/\/sophro-hypno-savoie.fr\/?page_id=80","title":{"rendered":"Me contacter"},"content":{"rendered":"\n<p>Vous pouvez prendre RDV avec moi sur ma page Medoucine directement en cliquant sur le bouton ci dessous ou en remplissant le formulaire en bas de page :<\/p>\n\n\n\n<figure class=\"wp-block-image is-resized\"><a href=\"https:\/\/www.medoucine.com\/consultation\/chambery\/virginie-martino\/5771?utm_source=bouton-rdv&amp;utm_medium=pack-com&amp;utm_campaign=virginie-martino\"><img decoding=\"async\" src=\"https:\/\/sophrologielebourgetdulac.files.wordpress.com\/2023\/03\/bouton-medoucine.png\" alt=\"\" class=\"wp-image-464\" style=\"width:221px;height:47px\"\/><\/a><\/figure>\n\n\n\n<h2 class=\"wp-block-heading\">2 lieux de consultation :<\/h2>\n\n\n\n<h2 class=\"wp-block-heading\"><strong><mark style=\"background-color:rgba(0, 0, 0, 0);color:#dc136c\" class=\"has-inline-color\">Chamb\u00e9ry<\/mark><\/strong> <\/h2>\n\n\n\n<p>108 rue Nicolas Parent (RDC) 73000 Chamb\u00e9ry<\/p>\n\n\n\n<figure class=\"wp-block-gallery has-nested-images columns-default is-cropped wp-block-gallery-1 is-layout-flex wp-block-gallery-is-layout-flex\">\n<figure class=\"wp-block-image size-large\"><img loading=\"lazy\" decoding=\"async\" width=\"1024\" height=\"771\" data-id=\"240\" src=\"https:\/\/sophro-hypno-savoie.fr\/wp-content\/uploads\/2024\/12\/cabinet-1--1024x771.jpg\" alt=\"\" class=\"wp-image-240\" srcset=\"https:\/\/sophro-hypno-savoie.fr\/wp-content\/uploads\/2024\/12\/cabinet-1--1024x771.jpg 1024w, https:\/\/sophro-hypno-savoie.fr\/wp-content\/uploads\/2024\/12\/cabinet-1--300x226.jpg 300w, https:\/\/sophro-hypno-savoie.fr\/wp-content\/uploads\/2024\/12\/cabinet-1--768x578.jpg 768w, https:\/\/sophro-hypno-savoie.fr\/wp-content\/uploads\/2024\/12\/cabinet-1--1536x1157.jpg 1536w, https:\/\/sophro-hypno-savoie.fr\/wp-content\/uploads\/2024\/12\/cabinet-1--2048x1542.jpg 2048w\" sizes=\"(max-width: 1024px) 100vw, 1024px\" \/><\/figure>\n<\/figure>\n\n\n\n<figure class=\"wp-block-gallery has-nested-images columns-default is-cropped wp-block-gallery-2 is-layout-flex wp-block-gallery-is-layout-flex\">\n<figure class=\"wp-block-image size-large\"><img loading=\"lazy\" decoding=\"async\" width=\"1024\" height=\"771\" data-id=\"241\" src=\"https:\/\/sophro-hypno-savoie.fr\/wp-content\/uploads\/2024\/12\/cabinet2-1024x771.jpg\" alt=\"\" class=\"wp-image-241\" srcset=\"https:\/\/sophro-hypno-savoie.fr\/wp-content\/uploads\/2024\/12\/cabinet2-1024x771.jpg 1024w, https:\/\/sophro-hypno-savoie.fr\/wp-content\/uploads\/2024\/12\/cabinet2-300x226.jpg 300w, https:\/\/sophro-hypno-savoie.fr\/wp-content\/uploads\/2024\/12\/cabinet2-768x578.jpg 768w, https:\/\/sophro-hypno-savoie.fr\/wp-content\/uploads\/2024\/12\/cabinet2-1536x1157.jpg 1536w, https:\/\/sophro-hypno-savoie.fr\/wp-content\/uploads\/2024\/12\/cabinet2-2048x1542.jpg 2048w\" sizes=\"(max-width: 1024px) 100vw, 1024px\" \/><\/figure>\n<\/figure>\n\n\n\n<h2 class=\"wp-block-heading\"><strong><mark style=\"background-color:rgba(0, 0, 0, 0);color:#dc136c\" class=\"has-inline-color\">La Motte-Servolex<\/mark><\/strong><\/h2>\n\n\n\n<figure class=\"wp-block-image size-large\"><a href=\"https:\/\/sophrologielebourgetdulac.files.wordpress.com\/2023\/03\/cabinet-la-motte-3.jpg\"><img decoding=\"async\" src=\"https:\/\/sophrologielebourgetdulac.files.wordpress.com\/2023\/03\/cabinet-la-motte-3.jpg?w=825\" alt=\"\" class=\"wp-image-449\"\/><\/a><\/figure>\n\n\n\n<figure class=\"wp-block-gallery has-nested-images columns-default is-cropped wp-block-gallery-3 is-layout-flex wp-block-gallery-is-layout-flex\">\n<figure class=\"wp-block-image size-large\"><a href=\"https:\/\/sophrologielebourgetdulac.files.wordpress.com\/2023\/03\/cabinet-l-motte-1.jpg\"><img decoding=\"async\" data-id=\"447\" src=\"https:\/\/sophrologielebourgetdulac.files.wordpress.com\/2023\/03\/cabinet-l-motte-1.jpg?w=1024\" alt=\"\" class=\"wp-image-447\"\/><\/a><\/figure>\n<\/figure>\n\n\n\n<p>Mont\u00e9e Saint-Jean 73290 La Motte-Servolex, parking de l&#8217;\u00e9glise<\/p>\n\n\n\n<p><\/p>\n\n\n<div class=\"wpforms-container wpforms-container-full wpforms-block wpforms-block-7e8004d2-eed8-43ad-84f6-3b11faf24d9c\" id=\"wpforms-134\"><form id=\"wpforms-form-134\" class=\"wpforms-validate wpforms-form wpforms-ajax-form\" data-formid=\"134\" method=\"post\" enctype=\"multipart\/form-data\" action=\"\/index.php?rest_route=%2Fwp%2Fv2%2Fpages%2F80\" data-token=\"ee6a54e6d49700c8b9d06aa39243fd6a\" data-token-time=\"1775821686\"><noscript class=\"wpforms-error-noscript\">Please enable JavaScript in your browser to complete this form.<\/noscript><div class=\"wpforms-field-container\"><div id=\"wpforms-134-field_0-container\" class=\"wpforms-field wpforms-field-name\" data-field-id=\"0\"><label class=\"wpforms-field-label\">Votre nom : <span class=\"wpforms-required-label\">*<\/span><\/label><div class=\"wpforms-field-row wpforms-field-medium\"><div class=\"wpforms-field-row-block wpforms-first wpforms-one-half\"><input type=\"text\" id=\"wpforms-134-field_0\" class=\"wpforms-field-name-first wpforms-field-required\" name=\"wpforms[fields][0][first]\" required><label for=\"wpforms-134-field_0\" class=\"wpforms-field-sublabel after\">First<\/label><\/div><div class=\"wpforms-field-row-block wpforms-one-half\"><input type=\"text\" id=\"wpforms-134-field_0-last\" class=\"wpforms-field-name-last wpforms-field-required\" name=\"wpforms[fields][0][last]\" required><label for=\"wpforms-134-field_0-last\" class=\"wpforms-field-sublabel after\">Last<\/label><\/div><\/div><\/div><div id=\"wpforms-134-field_1-container\" class=\"wpforms-field wpforms-field-email\" data-field-id=\"1\"><label class=\"wpforms-field-label\" for=\"wpforms-134-field_1\">Votre e-mail : <span class=\"wpforms-required-label\">*<\/span><\/label><input type=\"email\" id=\"wpforms-134-field_1\" class=\"wpforms-field-medium wpforms-field-required\" name=\"wpforms[fields][1]\" spellcheck=\"false\" required><\/div><div id=\"wpforms-134-field_2-container\" class=\"wpforms-field wpforms-field-textarea\" data-field-id=\"2\"><label class=\"wpforms-field-label\" for=\"wpforms-134-field_2\">Votre message :<\/label><textarea id=\"wpforms-134-field_2\" class=\"wpforms-field-medium\" name=\"wpforms[fields][2]\" ><\/textarea><div class=\"wpforms-field-description\">Bonjour,\r\nJe souhaite prendre un rendez-vous.\r\nJe vous donne mes diff\u00e9rentes disponibilit\u00e9s ici :\r\nMerci de me recontacter<\/div><\/div><\/div><!-- .wpforms-field-container --><div class=\"wpforms-submit-container\" ><input type=\"hidden\" name=\"wpforms[id]\" value=\"134\"><input type=\"hidden\" name=\"page_title\" value=\"\"><input type=\"hidden\" name=\"page_url\" value=\"https:\/\/sophro-hypno-savoie.fr\/index.php?rest_route=\/wp\/v2\/pages\/80\"><input type=\"hidden\" name=\"url_referer\" value=\"\"><button type=\"submit\" name=\"wpforms[submit]\" id=\"wpforms-submit-134\" class=\"wpforms-submit\" data-alt-text=\"Envoi...\" data-submit-text=\"Envoyer\" aria-live=\"assertive\" value=\"wpforms-submit\">Envoyer<\/button><img loading=\"lazy\" decoding=\"async\" src=\"https:\/\/sophro-hypno-savoie.fr\/wp-content\/plugins\/wpforms-lite\/assets\/images\/submit-spin.svg\" class=\"wpforms-submit-spinner\" style=\"display: none;\" width=\"26\" height=\"26\" alt=\"Loading\"><\/div><\/form><\/div>  <!-- .wpforms-container -->","protected":false},"excerpt":{"rendered":"<p>Vous pouvez prendre RDV avec moi sur ma page Medoucine directement en cliquant sur le bouton ci dessous ou en remplissant le formulaire en bas de page : 2 lieux de consultation : Chamb\u00e9ry 108 rue Nicolas Parent (RDC) 73000 Chamb\u00e9ry La Motte-Servolex Mont\u00e9e Saint-Jean 73290 La Motte-Servolex, parking de l&#8217;\u00e9glise<\/p>\n","protected":false},"author":2,"featured_media":0,"parent":0,"menu_order":0,"comment_status":"closed","ping_status":"closed","template":"","meta":{"footnotes":""},"tags":[],"aioseo_notices":[],"jetpack_sharing_enabled":true,"_links":{"self":[{"href":"https:\/\/sophro-hypno-savoie.fr\/index.php?rest_route=\/wp\/v2\/pages\/80"}],"collection":[{"href":"https:\/\/sophro-hypno-savoie.fr\/index.php?rest_route=\/wp\/v2\/pages"}],"about":[{"href":"https:\/\/sophro-hypno-savoie.fr\/index.php?rest_route=\/wp\/v2\/types\/page"}],"author":[{"embeddable":true,"href":"https:\/\/sophro-hypno-savoie.fr\/index.php?rest_route=\/wp\/v2\/users\/2"}],"replies":[{"embeddable":true,"href":"https:\/\/sophro-hypno-savoie.fr\/index.php?rest_route=%2Fwp%2Fv2%2Fcomments&post=80"}],"version-history":[{"count":9,"href":"https:\/\/sophro-hypno-savoie.fr\/index.php?rest_route=\/wp\/v2\/pages\/80\/revisions"}],"predecessor-version":[{"id":277,"href":"https:\/\/sophro-hypno-savoie.fr\/index.php?rest_route=\/wp\/v2\/pages\/80\/revisions\/277"}],"wp:attachment":[{"href":"https:\/\/sophro-hypno-savoie.fr\/index.php?rest_route=%2Fwp%2Fv2%2Fmedia&parent=80"}],"wp:term":[{"taxonomy":"post_tag","embeddable":true,"href":"https:\/\/sophro-hypno-savoie.fr\/index.php?rest_route=%2Fwp%2Fv2%2Ftags&post=80"}],"curies":[{"name":"wp","href":"https:\/\/api.w.org\/{rel}","templated":true}]}}