{"id":58,"date":"2023-03-25T17:53:48","date_gmt":"2023-03-25T16:53:48","guid":{"rendered":"https:\/\/sophro-hypno-savoie.fr\/?page_id=58"},"modified":"2026-03-26T16:22:50","modified_gmt":"2026-03-26T15:22:50","slug":"infos-pratiques","status":"publish","type":"page","link":"https:\/\/sophro-hypno-savoie.fr\/?page_id=58","title":{"rendered":"Mes outils"},"content":{"rendered":"\n<p class=\"has-pale-cyan-blue-background-color has-background\"><strong>Sophrologie<\/strong><br><em>Un sophrologue est un professionnel de la sant\u00e9 mentale sp\u00e9cialis\u00e9 dans les techniques de relaxation et de gestion du stress. De ce fait, elle permet au patient de retrouver et de d\u00e9velopper ses propres capacit\u00e9s :\u00a0 calme, meilleure connaissance de soi,\u00a0 bien-\u00eatre, confiance en soi, harmonie entre le mental et le physique, gr\u00e2ce \u00e0 des m\u00e9thodes naturelles, des techniques de respiration, de relaxation et visualisation, cela permet :<\/em><br><em>\u2013 de lutter contre le manque de concentration et renforcer la capacit\u00e9 de m\u00e9morisation, notamment pour les plus jeunes.<\/em><br><em>\u2013 de soulager et lutter contre des douleurs : mal de ventre, mal de dos, contractions lors de l\u2019accouchement\u2026etc.<\/em><br><em>\u2013 de mieux g\u00e9rer ses \u00e9motions et probl\u00e8mes du quotidien : accepter un probl\u00e8me de sant\u00e9, une maladie chronique comme un cancer et l\u2019aborder avec du recul ; accompagner un patient durant son traitement m\u00e9dical ( chimioth\u00e9rapie, intervention chirurgicale) ;<\/em><br><em>\u2013 d\u2019aider \u00e0 traverser un changement de situation (d\u00e9m\u00e9nagement, s\u00e9paration, deuil)<\/em><br><em>\u2013 d\u2019aider les futures mamans \u00e0 vivre les derniers mois de grossesse\u00a0 et \u00e0 appr\u00e9hender et pr\u00e9parer un accouchement avec plus de s\u00e9r\u00e9nit\u00e9 et de confiance<\/em><br><em>\u2013 Retrouver un sommeil de qualit\u00e9 en luttant contre les insomnies et les cauchemars<\/em><br><em>\u2013 Mieux g\u00e9rer le stress, notamment face \u00e0 un \u00e9v\u00e9nement angoissant : entretien, intervention en public, examen, concours, comp\u00e9titions pour les artistes et sportifs de haut niveau, accouchement\u2026etc. Accompagner le sevrage de certaines addictions (tabac, drogue\u2026)<\/em><\/p>\n\n\n\n<p class=\"has-pale-cyan-blue-background-color has-background\"><strong>\u00a0Sophro-analyse<\/strong><br><em>La sophro-analyse est une approche profonde qui permet d\u2019explorer l\u2019origine de vos blocages en remontant \u00e0 la source de ce qui s\u2019est inscrit en vous.<\/em><br><em>Au-del\u00e0 des sympt\u00f4mes, elle vous aide \u00e0 comprendre comment vous vous \u00eates construit(e) :<\/em><br><em>blessures \u00e9motionnelles,<\/em><br><em>croyances limitantes,<\/em><br><em>sch\u00e9mas r\u00e9p\u00e9titifs,<\/em><br><em>m\u00e9moires conscientes et inconscientes.<\/em> <em>En revisitant ces exp\u00e9riences dans un cadre s\u00e9curis\u00e9, il devient possible de lib\u00e9rer les charges \u00e9motionnelles, de redonner du sens \u00e0 votre histoire\u2026 et de transformer durablement votre mani\u00e8re de fonctionner.<\/em><br><em><strong>C\u2019est un travail en profondeur, qui permet de se reconnecter \u00e0 soi et de retrouver une coh\u00e9rence int\u00e9rieure.<\/strong><\/em><\/p>\n\n\n\n<p class=\"has-pale-cyan-blue-background-color has-background\"><strong>Programmation Neuro-Linguistique (PNL)<\/strong><br><em>La PNL est une approche orient\u00e9e solution, qui permet de comprendre comment vous fonctionnez aujourd\u2019hui pour cr\u00e9er un changement concret et rapide.<\/em><br><em>Elle s\u2019appuie sur vos sch\u00e9mas de pens\u00e9e, vos comportements et votre mani\u00e8re de percevoir le monde pour :<\/em><br>&#8211; <em>modifier des automatismes limitants,<\/em><br>&#8211; <em>d\u00e9velopper de nouvelles ressources,<\/em><br>&#8211; <em>atteindre des objectifs pr\u00e9cis.<\/em>                                                                                                                     <em>C\u2019est un outil particuli\u00e8rement efficace pour :<\/em><br>&#8211; <em>la confiance en soi,<\/em><br><em>&#8211; la prise de parole,<\/em><br><em>&#8211; la pr\u00e9paration aux examens, ou toute situation n\u00e9cessitant une \u00e9volution rapide.<\/em><br><em><strong>La PNL permet de reprogrammer certains fonctionnements, tout en respectant profond\u00e9ment votre identit\u00e9.<\/strong><\/em><\/p>\n\n\n\n<p class=\"has-pale-cyan-blue-background-color has-background\"><strong>EFT (Emotional Freedom Techniques)<\/strong><br><em>L\u2019EFT est une m\u00e9thode douce qui combine stimulation de points d\u2019acupuncture et verbalisation des \u00e9motions.<\/em><br><em>En tapotant certains points du corps tout en mettant des mots sur ce que vous ressentez, il devient possible de :<\/em><br><em>lib\u00e9rer les \u00e9motions bloqu\u00e9es,<\/em><br><em>apaiser les r\u00e9actions excessives,<\/em><br><em>diminuer l\u2019intensit\u00e9 de certains souvenirs ou peurs.<\/em>                                                                                     <em><strong>C\u2019est un outil simple, rapide et tr\u00e8s efficace pour retrouver un apaisement \u00e9motionnel et reprendre de la distance face \u00e0 certaines situations.<\/strong><\/em><\/p>\n\n\n\n<p class=\"has-pale-cyan-blue-background-color has-background\"><strong>EMDR<\/strong><br><em>L\u2019EMDR est une approche reconnue pour le traitement des traumatismes et des chocs \u00e9motionnels.<\/em><br><em>Gr\u00e2ce \u00e0 des stimulations bilat\u00e9rales (mouvements oculaires ou autres), elle permet au cerveau de retraiter l\u2019information qui est rest\u00e9e bloqu\u00e9e.<\/em><br><em>Cela aide \u00e0 :<\/em><br><em>d\u00e9sensibiliser les souvenirs douloureux,<\/em><br><em>diminuer les r\u00e9actions \u00e9motionnelles,<\/em><br><em>int\u00e9grer les exp\u00e9riences pass\u00e9es de mani\u00e8re apais\u00e9e.<\/em>                                                                              <strong><em>L\u2019EMDR permet de se lib\u00e9rer du poids du pass\u00e9, sans avoir \u00e0 tout revivre intens\u00e9ment.<\/em><\/strong><\/p>\n\n\n\n<p class=\"has-pale-cyan-blue-background-color has-background\"><strong>Analyse transactionnelle<\/strong><br><em>L\u2019analyse transactionnelle permet de comprendre vos modes de fonctionnement relationnels.<\/em><br><em>Elle met en lumi\u00e8re :<\/em><br><em>les r\u00f4les que vous adoptez (parent, adulte, enfant),<\/em><br><em>les sch\u00e9mas relationnels r\u00e9p\u00e9titifs,<\/em><br><em>les jeux psychologiques inconscients.<\/em><br><em>Cette approche aide \u00e0 :<\/em><br><em>am\u00e9liorer la communication,<\/em><br><em>sortir des conflits r\u00e9currents,<\/em><br><em>retrouver des relations plus saines et \u00e9quilibr\u00e9es<\/em>                                                                                                     <strong><em>Elle offre une lecture claire et concr\u00e8te de vos interactions avec les autres.<\/em><\/strong><\/p>\n\n\n\n<p class=\"has-pale-cyan-blue-background-color has-background\"><strong>Hypnose spirituelle et symbolique<\/strong><br><em>L\u2019hypnose spirituelle et symbolique permet d\u2019explorer les dimensions plus profondes et subtiles de votre \u00eatre.<\/em><br><em>Elle peut ouvrir l\u2019acc\u00e8s \u00e0 :<\/em><br><em>des symboles,<\/em><br><em>des images int\u00e9rieures,<\/em><br><em>des m\u00e9moires inconscientes ou transg\u00e9n\u00e9rationnelles,<\/em><br><em>des compr\u00e9hensions plus larges de votre parcours.<\/em>                                                                                                 <em>Cette approche s\u2019adresse particuli\u00e8rement aux personnes sensibles \u00e0 une dimension plus intuitive ou spirituelle.<\/em><br><em><strong>Elle permet de donner du sens, de lib\u00e9rer certains blocages et de se reconnecter \u00e0 une dimension plus vaste de soi.<\/strong><\/em><\/p>\n\n\n\n<p class=\"has-pale-cyan-blue-background-color has-background\"><strong>Approche intuitive (oracles &amp; ressentis)<\/strong><br><em>Dans certaines s\u00e9ances, si cela vous correspond, j\u2019int\u00e8gre une dimension plus intuitive \u00e0 travers :<\/em><br><em>mes ressentis,<\/em><br><em>et l\u2019utilisation d\u2019oracles en fin de s\u00e9ance.<\/em><br><em>Ces supports viennent \u00e9clairer, confirmer ou ouvrir des pistes de r\u00e9flexion, toujours en lien avec ce qui a \u00e9t\u00e9 travaill\u00e9 ensemble.<\/em><br><em>Ils ne remplacent pas le travail th\u00e9rapeutique, mais viennent comme un compl\u00e9ment symbolique et intuitif, dans le respect total de vos croyances<\/em>. Chaque outil est une porte d\u2019entr\u00e9e diff\u00e9rente, mais l\u2019objectif reste le m\u00eame :<br>vous accompagner vers plus de compr\u00e9hension, de lib\u00e9ration et d\u2019alignement.<\/p>\n\n\n\n<p class=\"has-medium-font-size\"><strong>\u201cLib\u00e9rez vos blocages, explorez vos profondeurs et laissez votre vraie lumi\u00e8re int\u00e9rieure se r\u00e9v\u00e9ler.\u201d<\/strong><\/p>\n","protected":false},"excerpt":{"rendered":"<p>SophrologieUn sophrologue est un professionnel de la sant\u00e9 mentale sp\u00e9cialis\u00e9 dans les techniques de relaxation et de gestion du stress. De ce fait, elle permet au patient de retrouver et de d\u00e9velopper ses propres capacit\u00e9s :\u00a0 calme, meilleure connaissance de soi,\u00a0 bien-\u00eatre, confiance en soi, harmonie entre le mental et le physique, gr\u00e2ce \u00e0 des&hellip; <a href=\"https:\/\/sophro-hypno-savoie.fr\/?page_id=58\" class=\"more-link\">Continue reading <span class=\"screen-reader-text\">Mes outils<\/span><\/a><\/p>\n","protected":false},"author":2,"featured_media":0,"parent":0,"menu_order":0,"comment_status":"closed","ping_status":"closed","template":"","meta":{"footnotes":""},"tags":[],"aioseo_notices":[],"jetpack_sharing_enabled":true,"_links":{"self":[{"href":"https:\/\/sophro-hypno-savoie.fr\/index.php?rest_route=\/wp\/v2\/pages\/58"}],"collection":[{"href":"https:\/\/sophro-hypno-savoie.fr\/index.php?rest_route=\/wp\/v2\/pages"}],"about":[{"href":"https:\/\/sophro-hypno-savoie.fr\/index.php?rest_route=\/wp\/v2\/types\/page"}],"author":[{"embeddable":true,"href":"https:\/\/sophro-hypno-savoie.fr\/index.php?rest_route=\/wp\/v2\/users\/2"}],"replies":[{"embeddable":true,"href":"https:\/\/sophro-hypno-savoie.fr\/index.php?rest_route=%2Fwp%2Fv2%2Fcomments&post=58"}],"version-history":[{"count":3,"href":"https:\/\/sophro-hypno-savoie.fr\/index.php?rest_route=\/wp\/v2\/pages\/58\/revisions"}],"predecessor-version":[{"id":279,"href":"https:\/\/sophro-hypno-savoie.fr\/index.php?rest_route=\/wp\/v2\/pages\/58\/revisions\/279"}],"wp:attachment":[{"href":"https:\/\/sophro-hypno-savoie.fr\/index.php?rest_route=%2Fwp%2Fv2%2Fmedia&parent=58"}],"wp:term":[{"taxonomy":"post_tag","embeddable":true,"href":"https:\/\/sophro-hypno-savoie.fr\/index.php?rest_route=%2Fwp%2Fv2%2Ftags&post=58"}],"curies":[{"name":"wp","href":"https:\/\/api.w.org\/{rel}","templated":true}]}}